{"id":51,"date":"2024-12-24T23:17:52","date_gmt":"2024-12-24T23:17:52","guid":{"rendered":"https:\/\/gal-dsgh.ro\/leader-2023-2027\/?page_id=51"},"modified":"2025-01-08T18:51:43","modified_gmt":"2025-01-08T18:51:43","slug":"populatie-gal","status":"publish","type":"page","link":"https:\/\/gal-dsgh.ro\/leader-2023-2027\/prezentare-gal\/populatie-gal\/","title":{"rendered":"Popula\u021bie GAL"},"content":{"rendered":"\n<div class=\"wp-block-file\"><a id=\"wp-block-file--media-cb512a9e-7581-4ad5-96a1-7dfeb7f600c5\" href=\"https:\/\/gal-dsgh.ro\/leader-2023-2027\/wp-content\/uploads\/2025\/01\/Populatie-1.docx\">Populatie<\/a><a href=\"https:\/\/gal-dsgh.ro\/leader-2023-2027\/wp-content\/uploads\/2025\/01\/Populatie-1.docx\" class=\"wp-block-file__button wp-element-button\" download aria-describedby=\"wp-block-file--media-cb512a9e-7581-4ad5-96a1-7dfeb7f600c5\">Descarc\u0103<\/a><\/div>\n\n\n\n<p>Conform recens\u0103m\u00e2ntului din anul 2021, popula\u021bia total\u0103 este de <strong>27.774<\/strong>&nbsp;<strong>locuitori<\/strong>&nbsp;reziden\u021bi, in scadere fa\u021b\u0103 de rezultatele recens\u0103m\u00e2ntului din anul 2011, unde popula\u021bia total\u0103 a fost de <strong>31.551<\/strong> locuitori. <a><\/a><\/p>\n\n\n\n<p>Astfel,sc\u0103derea popula\u021biei din teritoriul arondat GAL DSGH reprezint\u0103 un factor&nbsp; important de mobilizare pentru GAL, in vederea dezvoltarii economice viitoare si implicit cresterea numarului locuitorilor din teritoriu.<\/p>\n\n\n\n<p>&nbsp;Prin intermediul proiectelor care se vor implementa prin intermediul SDL a GAL DSGH,in aceasta perioada de programare, se va dezvolta infrastructura,se vor \u00eenfiin\u021ba&nbsp; activit\u0103\u021bi economice si se&nbsp; vor&nbsp; creea locuri de munc\u0103,ceea ce va contribui decisiv la indeplinirea acestor obiective.<\/p>\n","protected":false},"excerpt":{"rendered":"<p>Conform recens\u0103m\u00e2ntului din anul 2021, popula\u021bia total\u0103 este de 27.774&nbsp;locuitori&nbsp;reziden\u021bi, in scadere fa\u021b\u0103 de rezultatele recens\u0103m\u00e2ntului din anul 2011, unde popula\u021bia total\u0103 a fost de 31.551 locuitori. Astfel,sc\u0103derea popula\u021biei din teritoriul arondat GAL DSGH reprezint\u0103 un factor&nbsp; important de mobilizare pentru GAL, in vederea dezvoltarii economice viitoare si implicit cresterea numarului locuitorilor din teritoriu. &nbsp;Prin &hellip; <\/p>\n<p class=\"link-more\"><a href=\"https:\/\/gal-dsgh.ro\/leader-2023-2027\/prezentare-gal\/populatie-gal\/\" class=\"more-link\">Cite\u0219te mai mult >>><span class=\"screen-reader-text\"> &#8222;Popula\u021bie GAL&#8221;<\/span><\/a><\/p>\n","protected":false},"author":1,"featured_media":0,"parent":30,"menu_order":1,"comment_status":"closed","ping_status":"closed","template":"","meta":{"footnotes":""},"class_list":["post-51","page","type-page","status-publish","hentry"],"_links":{"self":[{"href":"https:\/\/gal-dsgh.ro\/leader-2023-2027\/wp-json\/wp\/v2\/pages\/51","targetHints":{"allow":["GET"]}}],"collection":[{"href":"https:\/\/gal-dsgh.ro\/leader-2023-2027\/wp-json\/wp\/v2\/pages"}],"about":[{"href":"https:\/\/gal-dsgh.ro\/leader-2023-2027\/wp-json\/wp\/v2\/types\/page"}],"author":[{"embeddable":true,"href":"https:\/\/gal-dsgh.ro\/leader-2023-2027\/wp-json\/wp\/v2\/users\/1"}],"replies":[{"embeddable":true,"href":"https:\/\/gal-dsgh.ro\/leader-2023-2027\/wp-json\/wp\/v2\/comments?post=51"}],"version-history":[{"count":3,"href":"https:\/\/gal-dsgh.ro\/leader-2023-2027\/wp-json\/wp\/v2\/pages\/51\/revisions"}],"predecessor-version":[{"id":163,"href":"https:\/\/gal-dsgh.ro\/leader-2023-2027\/wp-json\/wp\/v2\/pages\/51\/revisions\/163"}],"up":[{"embeddable":true,"href":"https:\/\/gal-dsgh.ro\/leader-2023-2027\/wp-json\/wp\/v2\/pages\/30"}],"wp:attachment":[{"href":"https:\/\/gal-dsgh.ro\/leader-2023-2027\/wp-json\/wp\/v2\/media?parent=51"}],"curies":[{"name":"wp","href":"https:\/\/api.w.org\/{rel}","templated":true}]}}