{"id":32,"date":"2024-12-24T23:14:26","date_gmt":"2024-12-24T23:14:26","guid":{"rendered":"https:\/\/gal-dsgh.ro\/leader-2023-2027\/?page_id=32"},"modified":"2024-12-25T00:39:27","modified_gmt":"2024-12-25T00:39:27","slug":"sdl","status":"publish","type":"page","link":"https:\/\/gal-dsgh.ro\/leader-2023-2027\/sdl\/","title":{"rendered":"SDL"},"content":{"rendered":"\n<div data-wp-interactive=\"core\/file\" class=\"wp-block-file\"><object data-wp-bind--hidden=\"!state.hasPdfPreview\" hidden class=\"wp-block-file__embed\" data=\"https:\/\/gal-dsgh.ro\/leader-2023-2027\/wp-content\/uploads\/2024\/12\/SDL-GAL-DSGH-2023-2027-1.pdf\" type=\"application\/pdf\" style=\"width:100%;height:600px\" aria-label=\"\u00cenglobare pentru SDL GAL-DSGH-2023-2027.\"><\/object><a id=\"wp-block-file--media-4641088a-ef1b-48ad-bfc4-b8e084f10c08\" href=\"https:\/\/gal-dsgh.ro\/leader-2023-2027\/wp-content\/uploads\/2024\/12\/SDL-GAL-DSGH-2023-2027-1.pdf\">SDL GAL-DSGH-2023-2027<\/a><a href=\"https:\/\/gal-dsgh.ro\/leader-2023-2027\/wp-content\/uploads\/2024\/12\/SDL-GAL-DSGH-2023-2027-1.pdf\" class=\"wp-block-file__button wp-element-button\" download aria-describedby=\"wp-block-file--media-4641088a-ef1b-48ad-bfc4-b8e084f10c08\">Descarc\u0103<\/a><\/div>\n\n\n\n<hr class=\"wp-block-separator has-alpha-channel-opacity\"\/>\n\n\n<p>Dezvoltarea rural\u0103 \u0219i local\u0103 \u00een comunit\u0103\u021bile membre ale ASOCIA\u021aIEI GRUPUL DE AC\u021aIUNE LOCAL\u0102 \u201dDEPRESIUNEA SEBI\u0218-GURAHON\u021a-H\u0102LMAGIU\u201d depinde esen\u021bial de implementarea unei Strategii de Dezvoltare Local\u0103 (SDL). Demersurile, abord\u0103rile \u0219i ac\u021biunile la scara teritoriului sau la scar\u0103 local\u0103 sunt dominant asociate existen\u021bei \u0219i func\u021bion\u0103rii unei structuri de dezvoltare local\u0103 bazat\u0103 pe ini\u021biativa comunit\u0103\u021bii. Abordarea strategic\u0103 a prezentei SDL este exclusiv centrat\u0103 pe solu\u021bionarea nevoilor identificate \u00een comunit\u0103\u021bile locale parte a teritoriului. Resursele de toate tipurile &#8211; materiale, naturale, financiare, sociale \u0219i informa\u021bionale &#8211; identificate de-a lungul procesului de animare \u0219i informare \u0219i care sunt disponibile pentru antrenarea \u00een implementarea proiectelor viitoare de dezvoltare, reprezint\u0103 baza dezvolt\u0103rii pentru atragerea volumului de resurse necesar.<br \/>\nBazat pe procesul de implicare a comunit\u0103\u021bii \u00een dezvoltarea strategiei, nevoile legate de cre\u0219terea bun\u0103st\u0103rii popula\u021biei rurale \u0219i a calit\u0103\u021bii vie\u021bii primeaz\u0103.<br \/>\nNatura specific\u0103 a nevoilor \u0219i orientarea general\u0103 pe termen lung a dezvolt\u0103rii locale, direc\u021biile de interven\u021bie \u0219i ponderea general\u0103 a acestora au fost trasate \u00eempreun\u0103 cu actorii locali implica\u021bi \u00een consult\u0103ri.<br \/>\nDirec\u021biile prioritare de interven\u021bie sunt structurate \u0219i prioritizate astfel:<br \/>\n1. Servicii \u0219i infrastructur\u0103 la scar\u0103 mic\u0103;<br \/>\n2. Activit\u0103\u021bi ale economiei rurale neagricole;<br \/>\n3. Servicii \u0219i infrastructur\u0103 de mediu \u0219i s\u0103n\u0103tate.<br \/>\n4. Implementarea ac\u021biunilor de promovare a patrimoniului cultural material \u0219i imaterial<br \/>\n5. Implementarea de activit\u0103\u021bi de cooperare<br \/>\nTema unificatoare &#8222;\u00cempreuna pentru Comunit\u0103\u021bi Dezvoltate. Solidaritate \u0219i Progres Colectiv\u201d este centrat\u0103 pe valori comune \u0219i valoare comunitar\u0103 \u00een abordarea dezvolt\u0103rii rurale locale, unde antreprenoriatul rural neagricol este motor economic generator de bun\u0103stare \u00eentr-un context \u00eembun\u0103t\u0103\u021bit \u00een termeni de condi\u021bii de via\u021b\u0103 \u0219i servicii pentru popula\u021bia rural\u0103.<\/p>","protected":false},"excerpt":{"rendered":"<p>Dezvoltarea rural\u0103 \u0219i local\u0103 \u00een comunit\u0103\u021bile membre ale ASOCIA\u021aIEI GRUPUL DE AC\u021aIUNE LOCAL\u0102 \u201dDEPRESIUNEA SEBI\u0218-GURAHON\u021a-H\u0102LMAGIU\u201d depinde esen\u021bial de implementarea unei Strategii de Dezvoltare Local\u0103 (SDL). Demersurile, abord\u0103rile \u0219i ac\u021biunile la scara teritoriului sau la scar\u0103 local\u0103 sunt dominant asociate existen\u021bei \u0219i func\u021bion\u0103rii unei structuri de dezvoltare local\u0103 bazat\u0103 pe ini\u021biativa comunit\u0103\u021bii. Abordarea strategic\u0103 a prezentei &hellip; <\/p>\n<p class=\"link-more\"><a href=\"https:\/\/gal-dsgh.ro\/leader-2023-2027\/sdl\/\" class=\"more-link\">Cite\u0219te mai mult >>><span class=\"screen-reader-text\"> &#8222;SDL&#8221;<\/span><\/a><\/p>\n","protected":false},"author":1,"featured_media":0,"parent":0,"menu_order":0,"comment_status":"closed","ping_status":"closed","template":"","meta":{"footnotes":""},"class_list":["post-32","page","type-page","status-publish","hentry"],"_links":{"self":[{"href":"https:\/\/gal-dsgh.ro\/leader-2023-2027\/wp-json\/wp\/v2\/pages\/32","targetHints":{"allow":["GET"]}}],"collection":[{"href":"https:\/\/gal-dsgh.ro\/leader-2023-2027\/wp-json\/wp\/v2\/pages"}],"about":[{"href":"https:\/\/gal-dsgh.ro\/leader-2023-2027\/wp-json\/wp\/v2\/types\/page"}],"author":[{"embeddable":true,"href":"https:\/\/gal-dsgh.ro\/leader-2023-2027\/wp-json\/wp\/v2\/users\/1"}],"replies":[{"embeddable":true,"href":"https:\/\/gal-dsgh.ro\/leader-2023-2027\/wp-json\/wp\/v2\/comments?post=32"}],"version-history":[{"count":6,"href":"https:\/\/gal-dsgh.ro\/leader-2023-2027\/wp-json\/wp\/v2\/pages\/32\/revisions"}],"predecessor-version":[{"id":143,"href":"https:\/\/gal-dsgh.ro\/leader-2023-2027\/wp-json\/wp\/v2\/pages\/32\/revisions\/143"}],"wp:attachment":[{"href":"https:\/\/gal-dsgh.ro\/leader-2023-2027\/wp-json\/wp\/v2\/media?parent=32"}],"curies":[{"name":"wp","href":"https:\/\/api.w.org\/{rel}","templated":true}]}}